{"id":85,"date":"2026-02-12T15:57:56","date_gmt":"2026-02-12T14:57:56","guid":{"rendered":"https:\/\/hoffnungsraum.ch\/?page_id=85"},"modified":"2026-02-16T14:22:58","modified_gmt":"2026-02-16T13:22:58","slug":"85-2","status":"publish","type":"page","link":"https:\/\/hoffnungsraum.ch\/index.php\/85-2\/","title":{"rendered":""},"content":{"rendered":"<p>[et_pb_section fb_built=&#187;1&#8243; next_background_color=&#187;#f2f6fc&#187; _builder_version=&#187;4.27.5&#8243; use_background_color_gradient=&#187;on&#187; background_color_gradient_stops=&#187;rgba(127,141,255,0.5) 0%|#7f8dff 100%&#187; background_color_gradient_overlays_image=&#187;on&#187; background_color_gradient_start=&#187;rgba(127,141,255,0.5)&#187; background_color_gradient_end=&#187;#7f8dff&#187; background_image=&#187;https:\/\/hoffnungsraum.ch\/wp-content\/uploads\/2026\/02\/therapist-02.png&#187; custom_margin=&#187;||||false&#187; custom_padding=&#187;16vw||4vw||false&#187; bottom_divider_style=&#187;curve&#187; bottom_divider_height=&#187;2.5vw&#187; global_colors_info=&#187;{}&#187;][et_pb_row _builder_version=&#187;4.16&#8243; animation_style=&#187;fade&#187; global_colors_info=&#187;{}&#187;][et_pb_column type=&#187;4_4&#8243; _builder_version=&#187;4.16&#8243; custom_padding=&#187;|||&#187; global_colors_info=&#187;{}&#187; custom_padding__hover=&#187;|||&#187;][et_pb_text _builder_version=&#187;4.27.5&#8243; text_font=&#187;||||||||&#187; text_font_size=&#187;18px&#187; text_line_height=&#187;2em&#187; header_font=&#187;Montserrat|300|||||||&#187; header_font_size=&#187;50px&#187; header_line_height=&#187;1.4em&#187; text_orientation=&#187;center&#187; background_layout=&#187;dark&#187; max_width=&#187;700px&#187; module_alignment=&#187;center&#187; header_font_size_tablet=&#187;40px&#187; header_font_size_phone=&#187;32px&#187; header_font_size_last_edited=&#187;on|desktop&#187; global_colors_info=&#187;{}&#187;]<\/p>\n<h1><strong>Kurse<\/strong><\/h1>\n<p>[\/et_pb_text][\/et_pb_column][\/et_pb_row][\/et_pb_section][et_pb_section fb_built=&#187;1&#8243; custom_padding_last_edited=&#187;off|desktop&#187; admin_label=&#187;About&#187; _builder_version=&#187;4.16&#8243; background_color=&#187;#f2f6fc&#187; use_background_color_gradient=&#187;on&#187; background_color_gradient_type=&#187;circular&#187; background_color_gradient_stops=&#187;rgba(255,255,255,0) 67%|#ffffff 100%&#187; background_color_gradient_start=&#187;rgba(255,255,255,0)&#187; background_color_gradient_start_position=&#187;67%&#187; background_color_gradient_end=&#187;#ffffff&#187; background_image=&#187;https:\/\/hoffnungsraum.ch\/wp-content\/uploads\/2026\/02\/therapist-06d.png&#187; parallax=&#187;on&#187; custom_padding=&#187;100px|0px|100px|0px|true|false&#187; custom_padding_tablet=&#187;40px||40px||true&#187; global_colors_info=&#187;{}&#187;][et_pb_row _builder_version=&#187;4.16&#8243; global_colors_info=&#187;{}&#187;][et_pb_column type=&#187;4_4&#8243; _builder_version=&#187;4.16&#8243; custom_padding=&#187;|||&#187; global_colors_info=&#187;{}&#187; custom_padding__hover=&#187;|||&#187;][et_pb_text _builder_version=&#187;4.27.5&#8243; text_font=&#187;||||||||&#187; text_font_size=&#187;16px&#187; text_line_height=&#187;2em&#187; header_font=&#187;||||||||&#187; header_2_font=&#187;||||||||&#187; header_3_font=&#187;Montserrat||||||||&#187; header_3_line_height=&#187;1.4em&#187; header_5_font=&#187;||||||||&#187; header_5_text_color=&#187;#7f8dff&#187; header_5_line_height=&#187;2em&#187; max_width=&#187;700px&#187; hover_enabled=&#187;0&#8243; header_2_font_size_phone=&#187;30px&#187; header_2_font_size_last_edited=&#187;off|desktop&#187; locked=&#187;off&#187; global_colors_info=&#187;{}&#187; sticky_enabled=&#187;0&#8243;]<\/p>\n<h3>Kurs f\u00fcr Kirchgemeinden<\/h3>\n<p style=\"font-weight: 400;\">Seelische Belastungen und psychische Krisen geh\u00f6ren zum Leben vieler Menschen. Dabei stellen sich oft Fragen nach Sinn, Halt und Hoffnung. Dieser Kurs l\u00e4dt dazu ein, sich dem Thema psychische Gesundheit anzun\u00e4hern und dabei in einer offenen und wertsch\u00e4tzenden Atmosph\u00e4re die einzigartige Rolle der kirchlichen Gemeinschaft im Unterst\u00fctzungs- und Begleitprozess zu erkunden.<\/p>\n<p style=\"font-weight: 400;\">\n<p style=\"font-weight: 400;\">W\u00e4hrend 4 bis 5 Abenden werden grundlegende Zusammenh\u00e4nge vorgestellt:<\/p>\n<ul>\n<li>Wie entstehen psychische Erkrankungen?<\/li>\n<li>Welche sind die h\u00e4uftigsten St\u00f6rungsbilder und wie erkennt man diese?<\/li>\n<li>Wie k\u00f6nnen Glaube und Spiritualit\u00e4t st\u00e4rkend wirken oder auch verunsichern oder belasten?<\/li>\n<li>Welche Rolle spielen Seelsorge, Gemeinschaft und professionelle Hilfe?<\/li>\n<li>Welche wirksamen Unterst\u00fctzungsmassnahmen stehen Laien zur Verf\u00fcgung?<\/li>\n<\/ul>\n<p style=\"font-weight: 400;\">\n<p style=\"font-weight: 400;\">Diese Impulse werden durch Austausch und pers\u00f6nliche Reflexion vertieft.<\/p>\n<p style=\"font-weight: 400;\">Der Kurs bietet Raum, Erfahrungen zu teilen, zuzuh\u00f6ren und neue Perspektiven zu gewinnen. Ziel ist es, mehr Sicherheit und Sensibilit\u00e4t im Umgang mit psychischer Gesundheit zu entwickeln \u2013 f\u00fcr sich selbst und im Miteinander mit anderen. Das Angebot richtet sich an Erwachsene, unabh\u00e4ngig von Konfession oder pers\u00f6nlicher Glaubensbiografie, die sich f\u00fcr Fragen von Spiritualit\u00e4t und seelischem Wohlbefinden interessieren.<\/p>\n<p>[\/et_pb_text][\/et_pb_column][\/et_pb_row][et_pb_row _builder_version=&#187;4.16&#8243; global_colors_info=&#187;{}&#187;][et_pb_column type=&#187;4_4&#8243; _builder_version=&#187;4.16&#8243; custom_padding=&#187;|||&#187; global_colors_info=&#187;{}&#187; custom_padding__hover=&#187;|||&#187;][et_pb_text _builder_version=&#187;4.27.5&#8243; text_font=&#187;||||||||&#187; text_font_size=&#187;16px&#187; text_line_height=&#187;2em&#187; header_font=&#187;||||||||&#187; header_2_font=&#187;||||||||&#187; header_3_font=&#187;Montserrat||||||||&#187; header_3_line_height=&#187;1.4em&#187; header_5_font=&#187;||||||||&#187; header_5_text_color=&#187;#7f8dff&#187; header_5_line_height=&#187;2em&#187; max_width=&#187;700px&#187; hover_enabled=&#187;0&#8243; header_2_font_size_phone=&#187;30px&#187; header_2_font_size_last_edited=&#187;off|desktop&#187; locked=&#187;off&#187; global_colors_info=&#187;{}&#187; sticky_enabled=&#187;0&#8243;]<\/p>\n<h3>Kurs f\u00fcr Jugendliche<\/h3>\n<p>Im Kurs f\u00fcr Jugendliche \/ Jugendgruppen werden \u00e4hnliche Inhalte wie im Erwachsenenkurs anhand einer zielgruppenspezifischen Didaktik niederschwellig und lebensnah vermittelt. Dabei wird speziell auf die Bed\u00fcrfnisse \/ Fragen der Jugendlichen eingegangen. \u00a0\u00a0<\/p>\n<p>[\/et_pb_text][\/et_pb_column][\/et_pb_row][\/et_pb_section]<\/p>\n","protected":false},"excerpt":{"rendered":"<p>KurseKurs f\u00fcr Kirchgemeinden Seelische Belastungen und psychische Krisen geh\u00f6ren zum Leben vieler Menschen. Dabei stellen sich oft Fragen nach Sinn, Halt und Hoffnung. Dieser Kurs l\u00e4dt dazu ein, sich dem Thema psychische Gesundheit anzun\u00e4hern und dabei in einer offenen und wertsch\u00e4tzenden Atmosph\u00e4re die einzigartige Rolle der kirchlichen Gemeinschaft im Unterst\u00fctzungs- und Begleitprozess zu erkunden. W\u00e4hrend [&hellip;]<\/p>\n","protected":false},"author":2,"featured_media":0,"parent":0,"menu_order":0,"comment_status":"closed","ping_status":"closed","template":"","meta":{"_et_pb_use_builder":"on","_et_pb_old_content":"","_et_gb_content_width":"","footnotes":""},"class_list":["post-85","page","type-page","status-publish","hentry"],"_links":{"self":[{"href":"https:\/\/hoffnungsraum.ch\/index.php\/wp-json\/wp\/v2\/pages\/85","targetHints":{"allow":["GET"]}}],"collection":[{"href":"https:\/\/hoffnungsraum.ch\/index.php\/wp-json\/wp\/v2\/pages"}],"about":[{"href":"https:\/\/hoffnungsraum.ch\/index.php\/wp-json\/wp\/v2\/types\/page"}],"author":[{"embeddable":true,"href":"https:\/\/hoffnungsraum.ch\/index.php\/wp-json\/wp\/v2\/users\/2"}],"replies":[{"embeddable":true,"href":"https:\/\/hoffnungsraum.ch\/index.php\/wp-json\/wp\/v2\/comments?post=85"}],"version-history":[{"count":4,"href":"https:\/\/hoffnungsraum.ch\/index.php\/wp-json\/wp\/v2\/pages\/85\/revisions"}],"predecessor-version":[{"id":145,"href":"https:\/\/hoffnungsraum.ch\/index.php\/wp-json\/wp\/v2\/pages\/85\/revisions\/145"}],"wp:attachment":[{"href":"https:\/\/hoffnungsraum.ch\/index.php\/wp-json\/wp\/v2\/media?parent=85"}],"curies":[{"name":"wp","href":"https:\/\/api.w.org\/{rel}","templated":true}]}}